(f) = -3*f + 12. Let v(h) = h**2 + 38*h - 363. Let x be v(-46). Give a(x).
-3
Suppose 1 + 10 = -i + 4*q, -q + 5 = 0. Let g(f) = -4 - 10*f**2 - 10 + i - 7*f + 9*f**2. Determine g(-6).
1
Let q(s) = -3*s**2 - 31*s - 16. Let r(a) = -20*a + 510. Let w be r(26). Give q(w).
-6
Let o(q) = -12*q + 339. Let b(h) = 7*h - 224. Let x(d) = -8*b(d) - 5*o(d). Give x(-22).
9
Let z(m) = 6*m**2 - 6*m - 67. Let i be z(-3). Let h(b) = 4*b**2 - 14*b - 10. Determine h(i).
20
Let c(z) be the third derivative of -z**5/24 + z**4/12 + 10*z**3 + 2*z**2 - 52. Let b(o) be the first derivative of c(o). Determine b(3).
-13
Let m(i) be the third derivative of i**4/24 - 8*i**3/3 - 451*i**2. Determine m(21).
5
Let u(q) = -q**3 + 7*q**2 + 8*q + 5. Let h(s) = -s**3 + 60*s**2 - 59*s + 8. Let t be h(59). Calculate u(t).
5
Let k = -2337 - -2326. Let h(i) = -2*i - 7. Determine h(k).
15
Let t(a) = -3*a - 1 + 569*a**2 - 1709*a**2 + 571*a**2 + 568*a**2. Calculate t(-5).
-11
Suppose k = t + 178 - 177, 0 = -2*k + 5*t + 26. Let p(b) = -4*b**2 + 2*b**2 - 4 - 5*b + b**2. Calculate p(k).
-18
Let o(y) = y**2 - 5*y + 11. Let h(m) = -m**2 + 6*m - 10. Let w be -15*(24/10 + -2). Let q(r) = w*h(r) - 5*o(r). Determine q(10).
-5
Let r(k) be the first derivative of 26 - 8/3*k**3 - 1/4*k**4 - 7/2*k**2 - 5*k. Calculate r(-7).
-5
Let b(p) = 5*p + 1. Let o be b(1). Let g(u) be the second derivative of -2*u**3/3 + 5*u**2/2 + 337*u. What is g(o)?
-19
Let h(t) = -t + 6. Let r = -76 - -61. Let c be (r/(3 - 0))/1. Calculate h(c).
11
Let v(w) be the second derivative of 3*w**5/20 - w**4/2 - w**3/2 - w**2/2 - 317*w + 3. Determine v(3).
17
Let q be (-2)/(1 - 134/132). Let w(m) = -118 - q - m + 256 - m. Calculate w(-2).
10
Let p(v) be the first derivative of 0*v**5 - 8/3*v**3 + 1/8*v**4 + 0*v**2 + 31 - 1/360*v**6 + 0*v. Let s(f) be the third derivative of p(f). Calculate s(-4).
-13
Let a(b) = -23*b + 347. Let j be a(15). Let n(p) be the third derivative of -p**4/4 + 5*p**3/6 - p**2. Determine n(j).
-7
Let q = -304 + 309. Suppose -2*i - 36 - 12 = 4*o, q*i = -2*o - 16. Let h(s) = -s - 9. What is h(o)?
4
Let o(i) = -i - 11. Let f(v) = -v**2 - 1. Let y be f(-3). Let n(t) = -t - 5. Let m be n(y). Suppose 0 = m*z - 4*c + 33, 4*z - 4*c + 24 = -2*c. Calculate o(z).
-6
Let y(i) = -367 + i + 1455 - 376 - 359 - 365. Suppose -3*q + 3*l = -6*q + 45, -l - 50 = -4*q. Let k = q - 1. Give y(k).
0
Let j(g) = g**3 - 9*g**2 + 10*g - 5. Suppose 3*b - 3*v + 0*v + 9 = 0, -4*b = -5*v + 10. Let a be b/((-10)/(-4))*8/(-2). Give j(a).
11
Suppose -2*y - s = -13, 4*s + 19 = 4*y - s. Let o(t) = t + 7. Let m be o(-3). Let n(c) = c. Let b(v) = v + 1. Let f(i) = m*b(i) - 7*n(i). What is f(y)?
-14
Let l(m) = -m**2 - 10*m + 8. Let o be l(-10). Let b = 248 - 238. Let x(i) = -115*i + 225*i - i**3 + 7*i**2 + b - 100*i. What is x(o)?
26
Let n(f) = -11*f**2 - 10*f - 26. Let m(x) = -9*x**2 - 11*x - 22. Let v(r) = 6*m(r) - 5*n(r). Give v(16).
-2
Suppose 11866*n = 11877*n - 110. Let v(o) = -o**2 + 12*o - 35. What is v(n)?
-15
Let c(o) = -o**3 + o**2 + 2*o - 1. Suppose -6*y + 13*y = 749. Let t = y + -104. Calculate c(t).
-13
Let q(g) = -6*g**3 - 2*g**2 + g + 1. Let j be -2*(-24 - (-1540)/56 - 1*4). Determine q(j).
-6
Let x(p) = -19*p + 646. Let h(b) = 20*b - 718. Let g(o) = -9*h(o) - 10*x(o). Let f(v) = -v + 10. Let t be f(12). Determine g(t).
-18
Suppose -5*m + 129 = 99. Let k(z) = 8*z + 7*z + 8*z + 3 + m*z - 28*z. Calculate k(5).
8
Let c(w) = -w**3 + 4*w**2 + 2*w. Let s be 4/(-5)*(-225)/(-10). Let k be ((-45)/s - 3)*-8. Give c(k).
8
Suppose 0 = -4*j - 2 - 14. Let o(p) be the first derivative of p**3/3 + 2*p**2 - p + 359. What is o(j)?
-1
Let p = 6 - 4. Let c(w) = -w - w**p + w**2 + w**2 + w**3. Suppose -14*j + 7 - 3 - 4 = 0. Give c(j).
0
Let r(p) = p**3 + 5*p**2 + 4*p + 2. Let a(n) = -16*n - 78. Let g be a(-5). Suppose -8 = -g*z, 0 = f - z + 6*z - 17. Determine r(f).
8
Let a(c) be the second derivative of 2*c + 1/6*c**4 + 1/2*c**3 + c**2 + 0. Let k = 6148 - 6150. What is a(k)?
4
Let k(d) = 2*d - 3. Let l(z) = -z**2 + 4*z - 5. Let p(a) = 3*k(a) + l(a). Calculate p(6).
10
Let r(n) be the second derivative of n**5/30 - n**4/6 + 2*n**3/3 + 301*n**2/2 - 6*n - 3. Let y(m) be the first derivative of r(m). What is y(4)?
20
Let l(i) = 181*i + 12. Let p(b) = 681*b + 46. Let f(n) = -15*l(n) + 4*p(n). Suppose -5*x + 1 = 16. Determine f(x).
-23
Let k(c) = 25*c**2 + 40*c - 15. Let i(l) = 69*l**2 + 119*l - 49. Let r(d) = 4*i(d) - 11*k(d). Determine r(-37).
6
Let f(a) = a - 10. Suppose -b - 4 = 4*y, -3*b + y = -y + 26. Let q be (2 - (-12)/b)*10. Suppose -4*x + 0*j - 2*j = -4, 0 = -2*x + q*j - 10. Determine f(x).
-10
Let v(l) be the second derivative of 0 + 19*l**2 - 38*l - 1/24*l**4 + 1/6*l**3. Let t(n) be the first derivative of v(n). Give t(5).
-4
Suppose -5*t = -j - 27 + 56, 10 = -t - 4*j. Let w(g) = -g**3 - 5*g**2 - 4*g - 7. Determine w(t).
53
Let z(g) be the second derivative of -52*g + 1/2*g**2 - 1 - 1/6*g**3. What is z(9)?
-8
Let m(g) = -g - 4. Suppose v + 168 = -2*s - 2*v, -4*v + 196 = -2*s. Let j = s - -85. What is m(j)?
1
Suppose 10*f = -d - 68, -d + 36 = -125*f + 122*f. Let r(y) be the first derivative of -y**3/3 + 11*y**2/2 + 6*y + 1. Calculate r(d).
-6
Let m(b) be the first derivative of b**3/3 - b**2 + 4*b - 90. Let y(w) = 5*w**3 - w**2 - w + 1. Let g be y(1). Suppose j + 0*j - g = 0. Give m(j).
12
Let l(t) = -3*t**3 + 2*t**2 + 2*t - 1. Suppose -5501 = -5*x - 5491. Determine l(x).
-13
Let o(n) be the second derivative of -5*n**4/24 + 4*n**3/3 - 73*n**2/2 + 3*n + 13. Let w(i) be the first derivative of o(i). Determine w(7).
-27
Let b(p) be the second derivative of 5*p**3/6 - 27*p**2/2 + 2*p - 77. Let i(a) = -5*a + 29. Let k(y) = 5*b(y) + 4*i(y). What is k(6)?
11
Suppose -102*p = -109*p + 31 - 87. Let o(y) = y - 8. Determine o(p).
-16
Let w be (-19 + -8 + 21)/(9/((-243)/6)). Let x(g) = -6*g + 170. Determine x(w).
8
Let o(r) = -9*r - 14*r + 76 - 15*r + 41*r - 13*r. What is o(8)?
-4
Let r be 1*147/3 - -6. Suppose -4*w - r = -5*m, 5*m - 3*m + 4 = -w. Let l(q) = 3*q + 22. Determine l(w).
-8
Let a(v) = -4*v + 8. Let r be 9 + 462/(-98) + (-2)/7. Calculate a(r).
-8
Let h(k) = -2*k**3 - 4*k**2 + 11*k - 1. Let n(g) = g**3 + 5*g**2 - 10*g + 2. Let p(v) = 2*h(v) + 3*n(v). Let a = -118 - -123. Give p(a).
14
Let v(x) = 1. Let w(i) = i**2 + 11*i + 16. Let z(u) = v(u) - w(u). Let j = 731 - 739. What is z(j)?
9
Let u(r) = r**3 - 4*r**2 - 12*r - 3. Let f(h) = h**3 - 11*h**2 + 14*h - 148. Let c be f(11). Determine u(c).
-3
Let j(v) = v**2 + 2*v + 1. Let l be 2/(0 - (-1)/(-1)). Let f be j(l). Let s(b) = -55 - 3*b - 3*b**2 + 156 - 100 + 2*b. Determine s(f).
-3
Let v(i) = -7*i**2 + 3*i - 2. Let w(z) = -17*z**2 + 4*z - 2. Let y(k) = -5*v(k) + 2*w(k). Calculate y(4).
-6
Suppose 3*j = -0*j - 294. Let x = j + 119. Suppose 0 = 4*c, -4 = 5*i - 4*c + x. Let p(y) = y**3 + 6*y**2 + 2*y - 5. Calculate p(i).
10
Suppose 5*n = 2*h + 1, n = h + 5*n + 7. Let i(l) = l**3 + 2*l**2 - 7*l - 15. Let s be i(h). Let m(o) = 3*o + 1. Determine m(s).
-8
Let s(r) = 0*r**3 + 231*r + 6*r**3 - 2*r**2 + 3 - 229*r. Determine s(-2).
-57
Let i = 118469 + -118474. Let y(g) = g**2 - 2*g - 4. Let o(h) = h**2 - h - 4. Let n(m) = 3*o(m) - 2*y(m). Determine n(i).
16
Let w(j) = -7*j + 128. Let m(g) = 35*g - 726. Let s(b) = -2*m(b) - 11*w(b). What is s(-4)?
16
Suppose 4*n - 64 + 48 = -v, -5*v - 5*n + 20 = 0. Let g(j) = 2*j**3 + j**2 - 46. Calculate g(v).
-46
Let y = 17 - 15. Let c(s) = y*s**2 + 305 - 4*s + 0*s**2 - 303. Suppose 14*d - 16 = 10*d. Calculate c(d).
18
Let o(q) be the second derivative of 28*q + 0*q**2 - 9/2*q**3 + 1/30*q**5 + 1/8*q**4 + 1/360*q**6 + 0. Let j(n) be the second derivative of o(n). What is j(-2)?
-1
Let n be 5/(-3) - 14/(-21). Let w = -105 + 107. Let r(q) = 587 + 0*q**w + q - 2*q**2 - 587. What is r(n)?
-3
Suppose 12 = 5*p - 3*j, -3*j = -3*p - 0*j + 6. Let o be ((-5)/(-15))/(1/9). Let a(m) = 2*m - 2 + o + 3 - p*m. Give a(-3).
7
Let v = -5869 - -5857. Let o(k) = 18*k + 216. Calculate o(v).
0
Let u(s) = s**2 + 11*s + 8 - 20*s - 6*s. Suppose 4*c + 6*y - 48 = 0, 0 = -3*c - 7*y + 6*y + 43. Calculate u(c).
8
Let z(c) = 2*c + c**3 + 242 - 2*c - 117 - 111. Determine z(-3).
-13
Let t(s) = 1 + 0 - 72*s**2 + 70*s**2 + 16*s - 54*s. Let z be t(-19). Let j(d) = -19*d**2 - 1. What is j(z)?
-20
Let y(u) =